Let d(s) = g(s) + 6*z(s). Calculate d(r).
-4
Suppose 0 = 3*b - 6*b. Let a(r) = -2*r**3 + 13*r**2 - 3*r - 5. Let t be a(6). Let y(s) = 16*s - 13 - 2*s - t*s. Calculate y(b).
-13
Let h(i) = -164*i + 7235. Let a be h(44). Let c(z) = -9*z + 124. Give c(a).
-47
Let m(t) = 9*t**2 - t. Let y = -66 + 94. Suppose y = 6*v + 4. Suppose 4*s - n + v = 9*s, -2 = 2*s + 4*n. Calculate m(s).
8
Let o(w) = 37*w**2. Suppose 423 = 5*g + 4*c + 420, 12 = -2*g + 5*c. Calculate o(g).
37
Let s = -43 - -71. Suppose o - s = -3*o. Let r(c) = -1384*c - 1 - c**2 - 5 + 1392*c. What is r(o)?
1
Let v(l) be the third derivative of 11*l**4/24 + 50*l**3 - 2224*l**2. Calculate v(-27).
3
Let g(c) be the first derivative of c**5/120 - c**4/6 + 43*c**3/3 + 536. Let k(b) be the third derivative of g(b). Suppose 7 = p - 2*p. Give k(p).
-11
Let d(c) = 3*c**3 - c**2 + 1. Let a(y) = 95*y**3 + 5*y**2 + 2*y - 4. Let u(s) = a(s) + 4*d(s). Determine u(-1).
-108
Let s(o) = -4*o + 38. Let x be s(9). Let v(t) = 3*t - 2 - 1 - 11 - 14 - x*t. Calculate v(0).
-28
Let n = 356 + -335. Let t be (-7)/n*-12 + -5. Let k(h) = 12*h**2 + 2*h + 1. Give k(t).
11
Let u = -16 - -23. Let k(d) = 3 + 18 + 6 + u*d - 9. Let j be k(-3). Let c(v) = -v**2 - 4*v. What is c(j)?
3
Let n(z) = 18*z - z**2 + 2*z**2 - 6*z**2 + 168879 + z**2 - 168869. Calculate n(5).
0
Let g(u) = -u + 3. Let y be 55/(-33)*(0 + -9). Let w be y/(-10) - 102/(-12). Give g(w).
-4
Let s(w) = -107*w + 468. Let v(m) = 20*m - 93. Let a(o) = -2*s(o) - 11*v(o). Give a(15).
-3
Let d be (-3 - -5)/((-1)/(-4)). Let a(u) = u**2 + u + 1. Let o(c) = -5*c**2 - 14*c - 8. Let r(i) = 6*a(i) + o(i). What is r(d)?
-2
Let m = 83 + -80. Suppose 173 = -m*h + 191. Let a(c) = -c**2 + 6*c + 5. Calculate a(h).
5
Let q(r) = -r**2 - r - 10. Suppose -3*n = 5*i - 459, 0 = 5*n + 21*i - 17*i - 765. Let w = -153 + n. Determine q(w).
-10
Let f be (-64)/(-34) - (-8)/68. Let k(s) = -14*s + 5 - 1 - 2*s**f + 20*s. Determine k(5).
-16
Let b(a) be the first derivative of -a**3/3 + 7*a**2 - 63*a - 483. What is b(7)?
-14
Suppose -2*a = -3*u - 14, 10*a - 24 = 4*u + 6*a. Let p(t) be the second derivative of t**4/6 - t**3/3 - 3*t**2/2 + 7*t. Give p(u).
9
Suppose 0 = 2*z - 2*b - 4, -3*z + 4*b = -5*z + 4. Let a(u) = u**3 - 7*u**z - 17 + 33 - u - 6. Let i be a(7). Let k(t) = t**3 - 3*t**2 - 2*t - 4. Calculate k(i).
-10
Suppose 9*n - 16 = n. Let d(p) = 11*p**n - 5 + 10*p**2 + 12*p**2 + p**3 - 7*p - 31*p**2. Determine d(-4).
-9
Let y(m) = -4*m. Let z(q) = q - 5. Let n be z(7). Suppose -5*r - 15 = 0, -g - n = -2*g - 2*r. Suppose -12*s + 4*s = g. Give y(s).
4
Let d(i) = i**3 + 10*i**2 + 24*i + 13. Suppose 24 = 11*j + 101. Determine d(j).
-8
Suppose -19*j = -23*j - 5*t - 1, 4 = 5*j + t. Let a(u) = 23*u + 6. What is a(j)?
29
Let s(u) = 2*u + 1. Let n be s(2). Suppose -3*v = -n*v. Let y(p) = -p**2 + 4. Let t be y(v). Let z(w) = 2*w. Calculate z(t).
8
Let b(s) = 27*s - 2*s + s - 3 - 29*s. Determine b(-8).
21
Let s(b) = -19*b**3 - 17*b**2 + 22*b + 50. Let k(d) = -7*d**3 - 6*d**2 + 8*d + 17. Let x(a) = 11*k(a) - 4*s(a). Determine x(0).
-13
Let u(n) be the second derivative of 1/20*n**5 - 33*n + 5/6*n**3 - 1/2*n**4 - 1 - 6*n**2. Calculate u(6).
18
Let d(s) = -7*s**2. Let m(a) = -16*a**2 - 3*a + 4. Let c(n) = 2*d(n) - m(n). Calculate c(1).
1
Let g be -6 + (-4 + -608)/(-17). Let k(j) = -j**3 + 35*j**2 - 150*j - 8. Determine k(g).
-8
Let m(a) be the second derivative of -27*a**5/20 + a**4/12 + 7*a**3/6 + 5*a**2/2 - 2644*a. Calculate m(-1).
26
Let k(z) = 12*z**2 - 8*z + 54. Let b(x) = 8*x**2 - 7*x + 38. Let w(v) = -26*b(v) + 18*k(v). Give w(-5).
-6
Let t(d) = -22*d**2 + 64*d + 4. Suppose 349*h - 1365 = -329*h + 223*h. What is t(h)?
-2
Let g(r) = -2*r**2 + 7*r - 2. Let l(a) = -a**2 + a. Let z(p) = -g(p) + 4*l(p). Let y be (-3)/(-12) - (-2 + 258/8). Let h = y + 27. Give z(h).
-7
Let v(h) = -2*h**2 - 183*h - 1003. Let g be v(-6). Let n(a) = -a**3 + 23*a**2 + a - 39. What is n(g)?
-16
Let v(q) = -24*q + 42. Let u(k) = -11*k + 19. Let d(y) = 9*u(y) - 4*v(y). Calculate d(-3).
12
Let f(z) = 0*z**2 - 2*z**2 + 5 - 3 + 1 + 4 - 9*z. Let w(o) = 6*o**2 + 25*o - 19. Let n(b) = -11*f(b) - 4*w(b). Give n(-1).
-2
Let l(k) = k**2 - k + 5. Let s(p) = p**2 + 21*p + 39. Let v(z) = 2*l(z) - s(z). Calculate v(26).
49
Let q(i) = 2*i**2 - 7*i - 42*i - i**3 + 19*i + 21*i + 6*i**2 - 4. Determine q(8).
-76
Let j(k) = 2*k**3 - 2*k**2 - 9*k - 7. Let h(p) = 552*p - 2761. Let g be h(5). Calculate j(g).
-2
Let b(s) = -3*s + 2. Let g be ((-86)/(-215))/(1/5). Suppose 3*x + 3 = -4*u, 7 = g*x - 2*u + 23. Calculate b(x).
17
Let i(t) be the third derivative of -1/3*t**3 + 4*t - 1/120*t**6 - 11/24*t**4 + 3*t**2 + 0 + 1/5*t**5. Determine i(11).
-2
Let o(t) be the first derivative of 5*t**4/24 - 2*t**3/3 + 6*t**2 - 36. Let w(u) be the second derivative of o(u). What is w(3)?
11
Let x(a) = -4*a - 7. Let o(u) = -23*u - 43. Let k(p) = 6*o(p) - 34*x(p). Suppose 16*h - 56*h = 25*h + 975. What is k(h)?
10
Let h = 145 - 143. Let y(d) = 5*d + 315*d**h - 316*d**2 - 6*d + 4 + 8*d. What is y(6)?
10
Let p(b) be the second derivative of b**5/20 - 5*b**4/3 + b**3/2 - 47*b**2/2 + 3507*b. Determine p(20).
13
Let u = 17 - 9. Suppose 13*t + 13 = 78. Suppose -z + 2*o = -o, t*o - u = -z. Let y(i) = -3*i**2 + 4*i - 1. What is y(z)?
-16
Let d be (-85)/51*7/((-70)/12). Let t(z) = d - 5*z**2 - z + 219*z**3 + 215*z**3 - 436*z**3. Determine t(-3).
14
Let d(f) = 11*f - 20*f**2 + 13*f**2 - 9 - 11 + 6*f**2. Calculate d(8).
4
Let j(o) = o**2 - 7*o + 8. Suppose -3*x + 2 = -2*d, -18 = -10*x + 7*x. Determine j(d).
16
Let a(h) = -7 - 7*h + 1 + 2 + h**2. Let p = 1176 - 1112. Suppose 15*r - p = 26. Calculate a(r).
-10
Let j(t) = -1829*t. Let n(f) = -439*f. Let v(u) = -6*j(u) + 25*n(u). Let m = -11 - -5. Calculate v(m).
6
Let f(j) = j**3 - 6*j**2 + j - 5. Let b = -67 - -59. Suppose 0 = 2*p + 8 - 4. Let c = p - b. Determine f(c).
1
Let a(i) = -5*i + 24. Let j(f) = 63*f - 318. Let d(b) = 27*a(b) + 2*j(b). Calculate d(-4).
48
Let y(u) = u**3 - u**2 - 7*u + 8. Suppose f = -5*d - 27, 4*d + 30 = 1008*f - 1006*f. Give y(f).
5
Let q(m) be the second derivative of -41*m + 1/24*m**4 + 0*m**2 - 1/60*m**5 + 0 - 1/6*m**3. Let v(g) be the second derivative of q(g). Give v(6).
-11
Let u(z) = -z**3 - z**2 - 4*z + 5. Let a(x) = -x**3 - x + 1. Let d(y) = -4*a(y) + u(y). Let n be d(-1). Let b(f) = -3*f + 2. What is b(n)?
11
Let d(f) = f**3 - 9*f**2 + 7*f - 19. Let v = 836 - 828. What is d(v)?
-27
Let n(d) = 4*d**2 - 7*d + 10. Let z(m) = m**2 - 3*m + 2. Let b(w) = -n(w) + 3*z(w). Let g(j) = -j - 1. Let k be g(-1). What is b(k)?
-4
Let h(a) be the second derivative of -a**4/12 - 7*a**3/6 + 2*a**2 - 22*a. Let l(u) = -10*u - 74. Let w be l(-7). What is h(w)?
16
Let b(d) be the first derivative of 9*d**2/2 + 6*d - 22. Suppose 0 = -5*w + 10*l - 5*l, -w + 4*l + 9 = 0. What is b(w)?
-21
Let l be -25*8*6/(-20). Let f be 6/l + 61/(-10). Let z(a) = -4*a**2 + 2*a - 3. Let m(i) = 5*i**2 - 2*i + 3. Let t(s) = -5*m(s) - 6*z(s). Give t(f).
-21
Let u be 329/21 + 6 - (-2)/(-3). Suppose -12*c - u = -15*c. Let f(t) = t**3 - 8*t**2 + 6*t - 3. Determine f(c).
-10
Let d = -2193 - -2202. Let n(z) = -7*z + 22. Give n(d).
-41
Let c(n) = 3*n - 22*n + 7*n + 5*n + 3*n**2 - n**3 + 6*n + 1. Calculate c(3).
-2
Let z be (-460)/(-46) + 16/(-2). Let n(f) = -3*f**3 + 5*f**2 - f + 2. Determine n(z).
-4
Let s(p) = 2*p + 26. Let f be s(-12). Let c(n) = -56*n**3 + 2 + 55*n**3 + 9*n - 3*n**f - 7*n. Calculate c(-3).
-4
Let i be (-1830)/42 + (24/14)/3. Let v = -38 - i. Let j(h) = -h**3 + 4*h**3 - 2*h + 2*h**2 - 5*h**2 - v*h**3. Determine j(-2).
8
Let w(m) = m - 2. Suppose -3*s + 25 = 3*k - 41, 0 = 3*k + 4*s - 63. Suppose -k*a + 44 = -14*a. Calculate w(a).
2
Suppose z = -4*u + 5, 3*u - 3*z - 21 = 2*z. Let p(g) = 1 + 3*g**2 - 2 + g**3 - 4*g**2 - 3*g**u. Suppose -7 = -2*n + 1. Give p(n).
-1
Let m(h) = h**2 + 11*h + 8. Let g be 3 + ((-16)/28 - 3/7). Suppose -g*v + 2 = 2*t, -3*t - 5*v + 8 = -1. Let o be t - (1 - (-1 - (-2)/(-1))). Give m(o).
-22
Let l(m) = 2*m - 1. Suppose -3*o = 3 - 15. Let t be o + (2/14 - (-1072)/(-56)). Let g be 4/10 + (-54)/t + -5. Calculate l(g).
-3
Let j be (4/3)/(256/(-12) - -21). Let n(x) = -49*x - 190. What is n(j)?
6
Let z(a) = -a**2 + 5*a - 1. Let r(j) be the second derivative of 5*j**3/3 - 37*j**2 + 9*j. Let b be r(8). 